{"id":610,"date":"2025-02-28T10:53:46","date_gmt":"2025-02-28T10:53:46","guid":{"rendered":"https:\/\/xstore.8theme.com\/elementor3\/painting-studio\/?post_type=product&#038;p=610"},"modified":"2026-01-25T09:13:02","modified_gmt":"2026-01-25T09:13:02","slug":"autumn-woodland-pathway","status":"publish","type":"product","link":"https:\/\/fdartgallery.swordbros.com\/?product=autumn-woodland-pathway","title":{"rendered":"Sonbahar Londra &#8211; K\u0131rm\u0131z\u0131 Telefon Kul\u00fcbesi Suluboya"},"content":{"rendered":"<p><strong>Nostaljinin renklerini ya\u015fay\u0131n!<\/strong>\u00a0K\u0131rm\u0131z\u0131 sonbahar a\u011fa\u00e7lar\u0131 ve ikonik telefon kul\u00fcbesi, Londra&#8217;n\u0131n unutulmaz atmosferini suluboya ile bulu\u015fturuyor. Modern nostalji arayan mekanlar i\u00e7in ideal bir se\u00e7im.<\/p>\n<p>&nbsp;<\/p>\n","protected":false},"excerpt":{"rendered":"<p>\u2728\u00a0<strong>\u00d6ne \u00c7\u0131kan \u00d6zellikler:<\/strong>\u00a0Canl\u0131 sonbahar renkleri, nostaljik \u0130ngiliz simgeleri, suluboya s\u0131\u00e7rama efektleri. Vintage-modern kar\u0131\u015f\u0131m\u0131 estetik.<\/p>\n<p>\ud83c\udfaf\u00a0<strong>Hedef Alan:<\/strong>\u00a0Vintage kafeler, k\u00fct\u00fcphaneler, \u0130ngiliz pub&#8217;lar\u0131, \u015fehir apartmanlar\u0131, cozy mekan tasar\u0131mlar\u0131<\/p>\n","protected":false},"featured_media":1330,"comment_status":"open","ping_status":"closed","template":"","meta":[],"etheme_brands":[{"term_id":51,"name":"Hilal Sel\u00e7uk","slug":"hilal-selcuk","term_group":0,"term_taxonomy_id":51,"taxonomy":"brand","description":"","parent":0,"count":13,"filter":"raw"}],"product_brand":[],"product_cat":[15,43],"product_tag":[],"class_list":{"0":"post-610","1":"product","2":"type-product","3":"status-publish","4":"has-post-thumbnail","6":"brand-hilal-selcuk","7":"product_cat-virtualart","8":"product_cat-water-color","10":"first","11":"instock","12":"shipping-taxable","13":"purchasable","14":"product-type-simple"},"_links":{"self":[{"href":"https:\/\/fdartgallery.swordbros.com\/index.php?rest_route=\/wp\/v2\/product\/610","targetHints":{"allow":["GET"]}}],"collection":[{"href":"https:\/\/fdartgallery.swordbros.com\/index.php?rest_route=\/wp\/v2\/product"}],"about":[{"href":"https:\/\/fdartgallery.swordbros.com\/index.php?rest_route=\/wp\/v2\/types\/product"}],"replies":[{"embeddable":true,"href":"https:\/\/fdartgallery.swordbros.com\/index.php?rest_route=%2Fwp%2Fv2%2Fcomments&post=610"}],"version-history":[{"count":2,"href":"https:\/\/fdartgallery.swordbros.com\/index.php?rest_route=\/wp\/v2\/product\/610\/revisions"}],"predecessor-version":[{"id":1403,"href":"https:\/\/fdartgallery.swordbros.com\/index.php?rest_route=\/wp\/v2\/product\/610\/revisions\/1403"}],"wp:featuredmedia":[{"embeddable":true,"href":"https:\/\/fdartgallery.swordbros.com\/index.php?rest_route=\/wp\/v2\/media\/1330"}],"wp:attachment":[{"href":"https:\/\/fdartgallery.swordbros.com\/index.php?rest_route=%2Fwp%2Fv2%2Fmedia&parent=610"}],"wp:term":[{"taxonomy":"brand","embeddable":true,"href":"https:\/\/fdartgallery.swordbros.com\/index.php?rest_route=%2Fwp%2Fv2%2Fetheme_brands&post=610"},{"taxonomy":"product_brand","embeddable":true,"href":"https:\/\/fdartgallery.swordbros.com\/index.php?rest_route=%2Fwp%2Fv2%2Fproduct_brand&post=610"},{"taxonomy":"product_cat","embeddable":true,"href":"https:\/\/fdartgallery.swordbros.com\/index.php?rest_route=%2Fwp%2Fv2%2Fproduct_cat&post=610"},{"taxonomy":"product_tag","embeddable":true,"href":"https:\/\/fdartgallery.swordbros.com\/index.php?rest_route=%2Fwp%2Fv2%2Fproduct_tag&post=610"}],"curies":[{"name":"wp","href":"https:\/\/api.w.org\/{rel}","templated":true}]}}